{"id":2,"date":"2009-09-09T12:47:01","date_gmt":"2009-09-09T18:47:01","guid":{"rendered":"http:\/\/www.casacarp.ro\/?page_id=2"},"modified":"2014-07-18T12:40:38","modified_gmt":"2014-07-18T09:40:38","slug":"about","status":"publish","type":"page","link":"https:\/\/casacarp.losonczy.com\/?page_id=2","title":{"rendered":"Despre"},"content":{"rendered":"<p>CAZARE VIL\u0102<\/p>\n<p>&#8211; V\u0103 oferim 12 camere, 6 duble \u0219i 6 triple.<br \/>\n&#8211; Pre\u0163ul este Negociabil!<br \/>\n&#8211; Servicii complete &#8211; frigider, televizor, ap\u0103 cald\u0103 permanent, acces la buc\u0103t\u0103rie dotat\u0103 \u0219i utilat\u0103, teras\u0103 \u00een curte, gr\u0103tar, TV,\u00a0buc\u0103t\u0103rie de vara, parcare \u00een fa\u021ba casei.<\/p>\n","protected":false},"excerpt":{"rendered":"<p>CAZARE VIL\u0102 &#8211; V\u0103 oferim 12 camere, 6 duble \u0219i 6 triple. &#8211; Pre\u0163ul este Negociabil! &#8211; Servicii complete &#8211; frigider, televizor, ap\u0103 cald\u0103 permanent, acces la buc\u0103t\u0103rie dotat\u0103 \u0219i utilat\u0103, teras\u0103 \u00een curte, gr\u0103tar, TV,\u00a0buc\u0103t\u0103rie de vara, parcare \u00een &hellip; <a href=\"https:\/\/casacarp.losonczy.com\/?page_id=2\">Continu\u0103 s\u0103 cite\u0219ti <span class=\"meta-nav\">&rarr;<\/span><\/a><\/p>\n","protected":false},"author":1,"featured_media":0,"parent":0,"menu_order":1,"comment_status":"closed","ping_status":"closed","template":"","meta":{"footnotes":""},"class_list":["post-2","page","type-page","status-publish","hentry"],"_links":{"self":[{"href":"https:\/\/casacarp.losonczy.com\/index.php?rest_route=\/wp\/v2\/pages\/2","targetHints":{"allow":["GET"]}}],"collection":[{"href":"https:\/\/casacarp.losonczy.com\/index.php?rest_route=\/wp\/v2\/pages"}],"about":[{"href":"https:\/\/casacarp.losonczy.com\/index.php?rest_route=\/wp\/v2\/types\/page"}],"author":[{"embeddable":true,"href":"https:\/\/casacarp.losonczy.com\/index.php?rest_route=\/wp\/v2\/users\/1"}],"replies":[{"embeddable":true,"href":"https:\/\/casacarp.losonczy.com\/index.php?rest_route=%2Fwp%2Fv2%2Fcomments&post=2"}],"version-history":[{"count":9,"href":"https:\/\/casacarp.losonczy.com\/index.php?rest_route=\/wp\/v2\/pages\/2\/revisions"}],"predecessor-version":[{"id":41,"href":"https:\/\/casacarp.losonczy.com\/index.php?rest_route=\/wp\/v2\/pages\/2\/revisions\/41"}],"wp:attachment":[{"href":"https:\/\/casacarp.losonczy.com\/index.php?rest_route=%2Fwp%2Fv2%2Fmedia&parent=2"}],"curies":[{"name":"wp","href":"https:\/\/api.w.org\/{rel}","templated":true}]}}